[INFO] fetching crate wasmcloud-provider-httpserver 0.17.1...
[INFO] checking wasmcloud-provider-httpserver-0.17.1 against master#9610dfe5a9a731ced1ea4923ecbd0c57fe367898 for beta-170-4
[INFO] extracting crate wasmcloud-provider-httpserver 0.17.1 into /workspace/builds/worker-5-tc1/source
[INFO] validating manifest of crates.io crate wasmcloud-provider-httpserver 0.17.1 on toolchain 9610dfe5a9a731ced1ea4923ecbd0c57fe367898
[INFO] running `Command { std: CARGO_HOME="/workspace/cargo-home" RUSTUP_HOME="/workspace/rustup-home" "/workspace/cargo-home/bin/cargo" "+9610dfe5a9a731ced1ea4923ecbd0c57fe367898" "metadata" "--manifest-path" "Cargo.toml" "--no-deps", kill_on_drop: false }`
[INFO] started tweaking crates.io crate wasmcloud-provider-httpserver 0.17.1
[INFO] finished tweaking crates.io crate wasmcloud-provider-httpserver 0.17.1
[INFO] tweaked toml for crates.io crate wasmcloud-provider-httpserver 0.17.1 written to /workspace/builds/worker-5-tc1/source/Cargo.toml
[INFO] crate crates.io crate wasmcloud-provider-httpserver 0.17.1 already has a lockfile, it will not be regenerated
[INFO] running `Command { std: CARGO_HOME="/workspace/cargo-home" RUSTUP_HOME="/workspace/rustup-home" "/workspace/cargo-home/bin/cargo" "+9610dfe5a9a731ced1ea4923ecbd0c57fe367898" "fetch" "--manifest-path" "Cargo.toml", kill_on_drop: false }`
[INFO] [stderr]     Updating crates.io index
[INFO] [stderr]  Downloading crates ...
[INFO] [stderr]   Downloaded nkeys v0.2.0
[INFO] [stderr]   Downloaded base64ct v1.1.1
[INFO] [stderr]   Downloaded signatory v0.23.2
[INFO] [stderr]   Downloaded base64-url v1.4.13
[INFO] [stderr]   Downloaded tokio-retry v0.3.0
[INFO] [stderr]   Downloaded pem-rfc7468 v0.2.4
[INFO] [stderr]   Downloaded weld-codegen v0.7.0
[INFO] [stderr]   Downloaded minicbor v0.11.5
[INFO] [stderr]   Downloaded serde_nanos v0.1.3
[INFO] [stderr]   Downloaded subslice v0.2.3
[INFO] [stderr]   Downloaded nuid v0.3.2
[INFO] [stderr]   Downloaded atelier_test v0.1.4
[INFO] [stderr]   Downloaded opentelemetry-http v0.6.0
[INFO] [stderr]   Downloaded atelier_core v0.2.22
[INFO] [stderr]   Downloaded smithy-bindgen v0.1.0
[INFO] [stderr]   Downloaded opentelemetry-otlp v0.10.0
[INFO] [stderr]   Downloaded ascii_tree v0.1.1
[INFO] [stderr]   Downloaded wasmcloud-test-util v0.7.0
[INFO] [stderr]   Downloaded wascap v0.8.0
[INFO] [stderr]   Downloaded wasmbus-macros v0.1.11
[INFO] [stderr]   Downloaded pest_ascii_tree v0.1.0
[INFO] [stderr]   Downloaded downloader v0.2.7
[INFO] [stderr]   Downloaded wasmbus-rpc v0.12.0
[INFO] [stderr]   Downloaded async-nats v0.27.1
[INFO] [stderr]   Downloaded atelier_json v0.2.7
[INFO] [stderr]   Downloaded any_ascii v0.1.7
[INFO] [stderr]   Downloaded atelier_assembler v0.1.4
[INFO] [stderr]   Downloaded lexical-sort v0.3.1
[INFO] [stderr]   Downloaded syn v2.0.9
[INFO] [stderr]   Downloaded atelier_smithy v0.2.13
[INFO] [stderr]   Downloaded handlebars v4.3.6
[INFO] [stderr]   Downloaded minicbor-ser v0.1.3
[INFO] [stderr]   Downloaded minicbor v0.17.1
[INFO] running `Command { std: "docker" "create" "-v" "/var/lib/crater-agent-workspace/builds/worker-5-tc1/target:/opt/rustwide/target:rw,Z" "-v" "/var/lib/crater-agent-workspace/builds/worker-5-tc1/source:/opt/rustwide/workdir:ro,Z" "-v" "/var/lib/crater-agent-workspace/cargo-home:/opt/rustwide/cargo-home:ro,Z" "-v" "/var/lib/crater-agent-workspace/rustup-home:/opt/rustwide/rustup-home:ro,Z" "-e" "SOURCE_DIR=/opt/rustwide/workdir" "-e" "CARGO_TARGET_DIR=/opt/rustwide/target" "-e" "CARGO_HOME=/opt/rustwide/cargo-home" "-e" "RUSTUP_HOME=/opt/rustwide/rustup-home" "-w" "/opt/rustwide/workdir" "-m" "1610612736" "--user" "0:0" "--network" "none" "ghcr.io/rust-lang/crates-build-env/linux@sha256:19e73879b68f455e41552ea35293514db52ea292d993f571636dbffedb77a1ee" "/opt/rustwide/cargo-home/bin/cargo" "+9610dfe5a9a731ced1ea4923ecbd0c57fe367898" "metadata" "--no-deps" "--format-version=1", kill_on_drop: false }`
[INFO] [stdout] 5b35e08a1a6b9c6d1e6feb3633dfd4035e738ce78342dcc94acb33d0c3c66b42
[INFO] running `Command { std: "docker" "start" "-a" "5b35e08a1a6b9c6d1e6feb3633dfd4035e738ce78342dcc94acb33d0c3c66b42", kill_on_drop: false }`
[INFO] running `Command { std: "docker" "inspect" "5b35e08a1a6b9c6d1e6feb3633dfd4035e738ce78342dcc94acb33d0c3c66b42", kill_on_drop: false }`
[INFO] running `Command { std: "docker" "rm" "-f" "5b35e08a1a6b9c6d1e6feb3633dfd4035e738ce78342dcc94acb33d0c3c66b42", kill_on_drop: false }`
[INFO] [stdout] 5b35e08a1a6b9c6d1e6feb3633dfd4035e738ce78342dcc94acb33d0c3c66b42
[INFO] running `Command { std: "docker" "create" "-v" "/var/lib/crater-agent-workspace/builds/worker-5-tc1/target:/opt/rustwide/target:rw,Z" "-v" "/var/lib/crater-agent-workspace/builds/worker-5-tc1/source:/opt/rustwide/workdir:ro,Z" "-v" "/var/lib/crater-agent-workspace/cargo-home:/opt/rustwide/cargo-home:ro,Z" "-v" "/var/lib/crater-agent-workspace/rustup-home:/opt/rustwide/rustup-home:ro,Z" "-e" "SOURCE_DIR=/opt/rustwide/workdir" "-e" "CARGO_TARGET_DIR=/opt/rustwide/target" "-e" "CARGO_INCREMENTAL=0" "-e" "RUST_BACKTRACE=full" "-e" "RUSTFLAGS=--cap-lints=forbid" "-e" "RUSTDOCFLAGS=--cap-lints=forbid" "-e" "CARGO_HOME=/opt/rustwide/cargo-home" "-e" "RUSTUP_HOME=/opt/rustwide/rustup-home" "-w" "/opt/rustwide/workdir" "-m" "1610612736" "--user" "0:0" "--network" "none" "ghcr.io/rust-lang/crates-build-env/linux@sha256:19e73879b68f455e41552ea35293514db52ea292d993f571636dbffedb77a1ee" "/opt/rustwide/cargo-home/bin/cargo" "+9610dfe5a9a731ced1ea4923ecbd0c57fe367898" "check" "--frozen" "--all" "--all-targets" "--message-format=json", kill_on_drop: false }`
[INFO] [stdout] ef27c27dd4d49e6f3bf14733e74fd2f8951041b7ed6f56bc5a6b8c1a0b40d475
[INFO] running `Command { std: "docker" "start" "-a" "ef27c27dd4d49e6f3bf14733e74fd2f8951041b7ed6f56bc5a6b8c1a0b40d475", kill_on_drop: false }`
[INFO] [stderr]    Compiling proc-macro2 v1.0.53
[INFO] [stderr]    Compiling libc v0.2.140
[INFO] [stderr]    Compiling syn v1.0.109
[INFO] [stderr]    Compiling futures-core v0.3.27
[INFO] [stderr]    Compiling memchr v2.5.0
[INFO] [stderr]    Compiling serde_derive v1.0.158
[INFO] [stderr]    Compiling futures-task v0.3.27
[INFO] [stderr]    Compiling futures-channel v0.3.27
[INFO] [stderr]     Checking once_cell v1.17.1
[INFO] [stderr]    Compiling indexmap v1.9.2
[INFO] [stderr]    Compiling futures-util v0.3.27
[INFO] [stderr]     Checking bytes v1.4.0
[INFO] [stderr]    Compiling log v0.4.17
[INFO] [stderr]    Compiling tokio v1.26.0
[INFO] [stderr]    Compiling serde v1.0.158
[INFO] [stderr]     Checking futures-sink v0.3.27
[INFO] [stderr]    Compiling quote v1.0.26
[INFO] [stderr]    Compiling syn v2.0.9
[INFO] [stderr]     Checking futures-io v0.3.27
[INFO] [stderr]     Checking generic-array v0.14.6
[INFO] [stderr]     Checking tracing-core v0.1.30
[INFO] [stderr]    Compiling serde_json v1.0.94
[INFO] [stderr]    Compiling hashbrown v0.12.3
[INFO] [stderr]     Checking parking_lot_core v0.9.7
[INFO] [stderr]     Checking getrandom v0.2.8
[INFO] [stderr]     Checking mio v0.8.6
[INFO] [stderr]     Checking parking_lot v0.12.1
[INFO] [stderr]     Checking signal-hook-registry v1.4.1
[INFO] [stderr]     Checking num_cpus v1.15.0
[INFO] [stderr]     Checking socket2 v0.4.9
[INFO] [stderr]     Checking rand_core v0.6.4
[INFO] [stderr]     Checking http v0.2.9
[INFO] [stderr]    Compiling anyhow v1.0.70
[INFO] [stderr]     Checking rand_chacha v0.3.1
[INFO] [stderr]    Compiling aho-corasick v0.7.20
[INFO] [stderr]     Checking rand v0.8.5
[INFO] [stderr]    Compiling either v1.8.1
[INFO] [stderr]    Compiling pin-project-lite v0.2.9
[INFO] [stderr]     Checking subtle v2.4.1
[INFO] [stderr]    Compiling regex-syntax v0.6.29
[INFO] [stderr]    Compiling itoa v1.0.6
[INFO] [stderr]    Compiling io-lifetimes v1.0.9
[INFO] [stderr]    Compiling unicode-segmentation v1.10.1
[INFO] [stderr]    Compiling pkg-config v0.3.26
[INFO] [stderr]    Compiling heck v0.3.3
[INFO] [stderr]    Compiling rustix v0.36.11
[INFO] [stderr]    Compiling paste v1.0.12
[INFO] [stderr]    Compiling linux-raw-sys v0.1.4
[INFO] [stderr]    Compiling itertools v0.10.5
[INFO] [stderr]    Compiling openssl-sys v0.9.83
[INFO] [stderr]     Checking byteorder v1.4.3
[INFO] [stderr]    Compiling spin v0.5.2
[INFO] [stderr]    Compiling untrusted v0.7.1
[INFO] [stderr]    Compiling ring v0.16.20
[INFO] [stderr]    Compiling regex v1.7.2
[INFO] [stderr]    Compiling synstructure v0.12.6
[INFO] [stderr]     Checking crypto-common v0.1.6
[INFO] [stderr]     Checking block-buffer v0.10.4
[INFO] [stderr]    Compiling slab v0.4.8
[INFO] [stderr]    Compiling adler v1.0.2
[INFO] [stderr]     Checking try-lock v0.2.4
[INFO] [stderr]    Compiling pin-utils v0.1.0
[INFO] [stderr]    Compiling crossbeam-utils v0.8.15
[INFO] [stderr]    Compiling gimli v0.27.2
[INFO] [stderr]    Compiling thiserror-impl v1.0.40
[INFO] [stderr]     Checking want v0.3.0
[INFO] [stderr]    Compiling miniz_oxide v0.6.2
[INFO] [stderr]    Compiling backtrace v0.3.67
[INFO] [stderr]     Checking digest v0.10.6
[INFO] [stderr]     Checking http-body v0.4.5
[INFO] [stderr]    Compiling object v0.30.3
[INFO] [stderr]    Compiling error-chain v0.12.4
[INFO] [stderr]    Compiling fastrand v1.9.0
[INFO] [stderr]     Checking thiserror v1.0.40
[INFO] [stderr]    Compiling pest v2.5.6
[INFO] [stderr]    Compiling ryu v1.0.13
[INFO] [stderr]    Compiling futures-macro v0.3.27
[INFO] [stderr]    Compiling tracing-attributes v0.1.23
[INFO] [stderr]    Compiling tokio-macros v1.8.2
[INFO] [stderr]    Compiling pin-project-internal v1.0.12
[INFO] [stderr]    Compiling prost-derive v0.9.0
[INFO] [stderr]     Checking tracing v0.1.37
[INFO] [stderr]     Checking pin-project v1.0.12
[INFO] [stderr]    Compiling addr2line v0.19.0
[INFO] [stderr]    Compiling zeroize_derive v1.3.3
[INFO] [stderr]    Compiling rustc-demangle v0.1.22
[INFO] [stderr]     Checking futures-executor v0.3.27
[INFO] [stderr]    Compiling openssl v0.10.48
[INFO] [stderr]     Checking zeroize v1.5.7
[INFO] [stderr]    Compiling pest_meta v2.5.6
[INFO] [stderr]    Compiling openssl-macros v0.1.0
[INFO] [stderr]    Compiling tempfile v3.4.0
[INFO] [stderr]    Compiling async-trait v0.1.68
[INFO] [stderr]    Compiling webpki v0.22.0
[INFO] [stderr]    Compiling which v4.4.0
[INFO] [stderr]     Checking tokio-util v0.7.7
[INFO] [stderr]     Checking tokio-stream v0.1.12
[INFO] [stderr]    Compiling native-tls v0.2.11
[INFO] [stderr]     Checking h2 v0.3.16
[INFO] [stderr]    Compiling tinyvec_macros v0.1.1
[INFO] [stderr]    Compiling rustls v0.20.8
[INFO] [stderr]     Checking const-oid v0.6.2
[INFO] [stderr]     Checking der v0.4.5
[INFO] [stderr]    Compiling tinyvec v1.6.0
[INFO] [stderr]    Compiling prost-build v0.9.0
[INFO] [stderr]     Checking crossbeam-channel v0.5.7
[INFO] [stderr]    Compiling pest_generator v2.5.6
[INFO] [stderr]    Compiling prost v0.9.0
[INFO] [stderr]    Compiling sct v0.7.0
[INFO] [stderr]     Checking digest v0.9.0
[INFO] [stderr]    Compiling unicase v2.6.0
[INFO] [stderr]    Compiling percent-encoding v2.2.0
[INFO] [stderr]     Checking base64ct v1.1.1
[INFO] [stderr]     Checking base64 v0.21.0
[INFO] [stderr]     Checking signature v1.6.4
[INFO] [stderr]    Compiling fixedbitset v0.4.2
[INFO] [stderr]     Checking pem-rfc7468 v0.2.4
[INFO] [stderr]    Compiling petgraph v0.6.3
[INFO] [stderr]    Compiling form_urlencoded v1.1.0
[INFO] [stderr]    Compiling unicode-normalization v0.1.22
[INFO] [stderr]    Compiling prost-types v0.9.0
[INFO] [stderr]    Compiling pest_derive v2.5.6
[INFO] [stderr]     Checking spki v0.4.1
[INFO] [stderr]    Compiling atelier_core v0.2.22
[INFO] [stderr]     Checking block-buffer v0.9.0
[INFO] [stderr]    Compiling httparse v1.8.0
[INFO] [stderr]    Compiling multimap v0.8.3
[INFO] [stderr]    Compiling httpdate v1.0.2
[INFO] [stderr]     Checking rand_core v0.5.1
[INFO] [stderr]    Compiling unicode-bidi v0.3.13
[INFO] [stderr]    Compiling tower-service v0.3.2
[INFO] [stderr]     Checking sha2 v0.9.9
[INFO] [stderr]     Checking tokio-native-tls v0.3.1
[INFO] [stderr]     Checking curve25519-dalek v3.2.0
[INFO] [stderr]    Compiling idna v0.3.0
[INFO] [stderr]     Checking hyper v0.14.25
[INFO] [stderr]    Compiling tokio-rustls v0.23.4
[INFO] [stderr]     Checking pkcs8 v0.7.6
[INFO] [stderr]     Checking ed25519 v1.5.3
[INFO] [stderr]     Checking serde_urlencoded v0.7.1
[INFO] [stderr]    Compiling ppv-lite86 v0.2.17
[INFO] [stderr]    Compiling ansi_term v0.12.1
[INFO] [stderr]    Compiling escape_string v0.1.2
[INFO] [stderr]    Compiling ascii_tree v0.1.1
[INFO] [stderr]    Compiling diff v0.1.13
[INFO] [stderr]    Compiling pretty_assertions v0.7.2
[INFO] [stderr]    Compiling rustls-pemfile v1.0.2
[INFO] [stderr]    Compiling pest_ascii_tree v0.1.0
[INFO] [stderr]     Checking ed25519-dalek v1.0.1
[INFO] [stderr]     Checking signatory v0.23.2
[INFO] [stderr]    Compiling tonic-build v0.6.2
[INFO] [stderr]    Compiling proc-macro-error-attr v1.0.4
[INFO] [stderr]    Compiling url v2.3.1
[INFO] [stderr]     Checking opentelemetry v0.17.0
[INFO] [stderr]    Compiling serde_spanned v0.6.1
[INFO] [stderr]    Compiling toml_datetime v0.6.1
[INFO] [stderr]     Checking tokio-io-timeout v1.2.0
[INFO] [stderr]    Compiling hyper-rustls v0.23.2
[INFO] [stderr]    Compiling webpki-roots v0.22.6
[INFO] [stderr]     Checking regex-automata v0.1.10
[INFO] [stderr]    Compiling async-stream-impl v0.3.4
[INFO] [stderr]    Compiling encoding_rs v0.8.32
[INFO] [stderr]     Checking hyper-tls v0.5.0
[INFO] [stderr]     Checking data-encoding v2.3.3
[INFO] [stderr]     Checking ipnet v2.7.1
[INFO] [stderr]    Compiling heck v0.4.1
[INFO] [stderr]    Compiling mime v0.3.17
[INFO] [stderr]    Compiling os_str_bytes v6.5.0
[INFO] [stderr]    Compiling minicbor v0.11.5
[INFO] [stderr]    Compiling winnow v0.4.1
[INFO] [stderr]    Compiling semver v1.0.17
[INFO] [stderr]    Compiling clap_derive v4.1.12
[INFO] [stderr]     Checking matchers v0.1.0
[INFO] [stderr]     Checking async-stream v0.3.4
[INFO] [stderr]    Compiling clap_lex v0.3.3
[INFO] [stderr]     Checking reqwest v0.11.15
[INFO] [stderr]     Checking tower v0.4.13
[INFO] [stderr]     Checking nkeys v0.2.0
[INFO] [stderr]    Compiling futures v0.3.27
[INFO] [stderr]     Checking hyper-timeout v0.4.1
[INFO] [stderr]    Compiling opentelemetry-otlp v0.10.0
[INFO] [stderr]    Compiling proc-macro-error v1.0.4
[INFO] [stderr]    Compiling mime_guess v2.0.4
[INFO] [stderr]    Compiling atelier_smithy v0.2.13
[INFO] [stderr]    Compiling atelier_test v0.1.4
[INFO] [stderr]    Compiling toml_edit v0.19.8
[INFO] [stderr]    Compiling atelier_json v0.2.7
[INFO] [stderr]     Checking tokio-util v0.6.10
[INFO] [stderr]     Checking tracing-serde v0.1.3
[INFO] [stderr]     Checking tracing-futures v0.2.5
[INFO] [stderr]    Compiling is-terminal v0.4.5
[INFO] [stderr]     Checking tracing-log v0.1.3
[INFO] [stderr]     Checking nuid v0.3.2
[INFO] [stderr]    Compiling dirs-sys v0.3.7
[INFO] [stderr]     Checking atty v0.2.14
[INFO] [stderr]     Checking thread_local v1.1.7
[INFO] [stderr]     Checking time-core v0.1.0
[INFO] [stderr]    Compiling minicbor v0.17.1
[INFO] [stderr]    Compiling any_ascii v0.1.7
[INFO] [stderr]     Checking env_logger v0.8.4
[INFO] [stderr]    Compiling atelier_assembler v0.1.4
[INFO] [stderr]    Compiling clap v4.1.13
[INFO] [stderr]    Compiling lexical-sort v0.3.1
[INFO] [stderr]     Checking tonic v0.6.2
[INFO] [stderr]     Checking tracing-subscriber v0.3.16
[INFO] [stderr]     Checking time v0.3.20
[INFO] [stderr]    Compiling toml v0.7.3
[INFO] [stderr]    Compiling directories v4.0.1
[INFO] [stderr]    Compiling downloader v0.2.7
[INFO] [stderr]     Checking rustls-native-certs v0.6.2
[INFO] [stderr]     Checking rmp v0.8.11
[INFO] [stderr]     Checking opentelemetry-http v0.6.0
[INFO] [stderr]    Compiling handlebars v4.3.6
[INFO] [stderr]     Checking tokio-retry v0.3.0
[INFO] [stderr]     Checking serde_nanos v0.1.3
[INFO] [stderr]     Checking sha-1 v0.10.1
[INFO] [stderr]    Compiling serde_repr v0.1.12
[INFO] [stderr]    Compiling Inflector v0.11.4
[INFO] [stderr]     Checking base64-url v1.4.13
[INFO] [stderr]     Checking subslice v0.2.3
[INFO] [stderr]    Compiling rustc-hash v1.1.0
[INFO] [stderr]     Checking safemem v0.3.3
[INFO] [stderr]     Checking parity-wasm v0.42.2
[INFO] [stderr]     Checking buf_redux v0.8.4
[INFO] [stderr]     Checking minicbor-ser v0.1.3
[INFO] [stderr]     Checking tungstenite v0.17.3
[INFO] [stderr]     Checking async-nats v0.27.1
[INFO] [stderr]    Compiling weld-codegen v0.7.0
[INFO] [stderr]     Checking rmp-serde v1.1.1
[INFO] [stderr]     Checking wascap v0.8.0
[INFO] [stderr]     Checking tracing-opentelemetry v0.17.4
[INFO] [stderr]    Compiling wasmbus-macros v0.1.11
[INFO] [stderr]     Checking toml v0.5.11
[INFO] [stderr]     Checking uuid v1.3.0
[INFO] [stderr]     Checking serde_bytes v0.11.9
[INFO] [stderr]     Checking opentelemetry_api v0.18.0
[INFO] [stderr]     Checking sha2 v0.10.6
[INFO] [stderr]     Checking sha1 v0.10.5
[INFO] [stderr]     Checking headers-core v0.2.0
[INFO] [stderr]     Checking twoway v0.1.8
[INFO] [stderr]     Checking quick-error v1.2.3
[INFO] [stderr]     Checking headers v0.3.8
[INFO] [stderr]     Checking multipart v0.18.0
[INFO] [stderr]     Checking tokio-tungstenite v0.17.2
[INFO] [stderr]     Checking opentelemetry_sdk v0.18.0
[INFO] [stderr]     Checking rustls-pemfile v0.2.1
[INFO] [stderr]     Checking nanorand v0.7.0
[INFO] [stderr]     Checking spin v0.9.6
[INFO] [stderr]     Checking scoped-tls v1.0.1
[INFO] [stderr]     Checking dashmap v5.4.0
[INFO] [stderr]     Checking warp v0.3.3
[INFO] [stderr]     Checking flume v0.10.14
[INFO] [stderr]     Checking opentelemetry v0.18.0
[INFO] [stderr]     Checking blake2 v0.10.6
[INFO] [stderr]     Checking assert_matches v1.5.0
[INFO] [stderr]    Compiling smithy-bindgen v0.1.0
[INFO] [stderr]     Checking wasmbus-rpc v0.12.0
[INFO] [stderr]     Checking wasmcloud-test-util v0.7.0
[INFO] [stderr]     Checking wasmcloud-provider-httpserver v0.17.1 (/opt/rustwide/workdir)
[INFO] [stdout] Failure downloading: Download failed for /tmp/.tmppZpfK1/cdn.jsdelivr.net/wasmcloud-core.c781c4623fcaafd5.smithy: (verification: unverified):
[INFO] [stdout]   1: https://cdn.jsdelivr.net/gh/wasmcloud/interfaces/core/wasmcloud-core.smithy with status 400
[INFO] [stdout]   2: https://cdn.jsdelivr.net/gh/wasmcloud/interfaces/core/wasmcloud-core.smithy with status 400
[INFO] [stdout]   3: https://cdn.jsdelivr.net/gh/wasmcloud/interfaces/core/wasmcloud-core.smithy with status 400
[INFO] [stdout] 
[INFO] [stdout] Failure downloading: Download failed for /tmp/.tmppZpfK1/cdn.jsdelivr.net/wasmcloud-model.4c523bf5e1147b02.smithy: (verification: unverified):
[INFO] [stdout]   1: https://cdn.jsdelivr.net/gh/wasmcloud/interfaces/core/wasmcloud-model.smithy with status 400
[INFO] [stdout]   2: https://cdn.jsdelivr.net/gh/wasmcloud/interfaces/core/wasmcloud-model.smithy with status 400
[INFO] [stdout]   3: https://cdn.jsdelivr.net/gh/wasmcloud/interfaces/core/wasmcloud-model.smithy with status 400
[INFO] [stdout] 
[INFO] [stdout] Failure downloading: Download failed for /tmp/.tmppZpfK1/cdn.jsdelivr.net/testing.b5b0350a3674441b.smithy: (verification: unverified):
[INFO] [stdout]   1: https://cdn.jsdelivr.net/gh/wasmcloud/interfaces/testing/testing.smithy with status 400
[INFO] [stdout]   2: https://cdn.jsdelivr.net/gh/wasmcloud/interfaces/testing/testing.smithy with status 400
[INFO] [stdout]   3: https://cdn.jsdelivr.net/gh/wasmcloud/interfaces/testing/testing.smithy with status 400
[INFO] [stdout] 
[INFO] [stdout] error: cannot compile model sources: Quitting - 3 model files could not be downloaded and were not found in the cache. If you have previously built this project and are working "offline", try setting SMITHY_CACHE=NO_EXPIRE in the environment
[INFO] [stdout]   --> /opt/rustwide/cargo-home/registry/src/index.crates.io-6f17d22bba15001f/wasmcloud-test-util-0.7.0/src/lib.rs:13:5
[INFO] [stdout]    |
[INFO] [stdout] 13 |     smithy_bindgen::smithy_bindgen!("testing/testing.smithy", "org.wasmcloud.interface.testing");
[INFO] [stdout]    |     ^^^^^^^^^^^^^^^^^^^^^^^^^^^^^^^^^^^^^^^^^^^^^^^^^^^^^^^^^^^^^^^^^^^^^^^^^^^^^^^^^^^^^^^^^^^^
[INFO] [stdout]    |
[INFO] [stdout]    = note: this error originates in the macro `smithy_bindgen::smithy_bindgen` (in Nightly builds, run with -Z macro-backtrace for more info)
[INFO] [stdout] 
[INFO] [stdout] 
[INFO] [stdout] error[E0432]: unresolved import `crate::testing::TestResult`
[INFO] [stdout]  --> /opt/rustwide/cargo-home/registry/src/index.crates.io-6f17d22bba15001f/wasmcloud-test-util-0.7.0/src/provider_test.rs:5:5
[INFO] [stdout]   |
[INFO] [stdout] 5 | use crate::testing::TestResult;
[INFO] [stdout]   |     ^^^^^^^^^^^^^^^^^^^^^^^^^^ no `TestResult` in `testing`
[INFO] [stdout] 
[INFO] [stdout] 
[INFO] [stdout] error[E0432]: unresolved import `crate::testing::TestResult`
[INFO] [stdout]  --> /opt/rustwide/cargo-home/registry/src/index.crates.io-6f17d22bba15001f/wasmcloud-test-util-0.7.0/src/cli.rs:4:5
[INFO] [stdout]   |
[INFO] [stdout] 4 | use crate::testing::TestResult;
[INFO] [stdout]   |     ^^^^^^^^^^^^^^^^^^^^^^^^^^ no `TestResult` in `testing`
[INFO] [stdout] 
[INFO] [stdout] 
[INFO] [stdout] error[E0412]: cannot find type `TestOptions` in this scope
[INFO] [stdout]   --> /opt/rustwide/cargo-home/registry/src/index.crates.io-6f17d22bba15001f/wasmcloud-test-util-0.7.0/src/lib.rs:16:22
[INFO] [stdout]    |
[INFO] [stdout] 16 |     impl Default for TestOptions {
[INFO] [stdout]    |                      ^^^^^^^^^^^ not found in this scope
[INFO] [stdout] 
[INFO] [stdout] 
[INFO] [stdout] error[E0412]: cannot find type `TestOptions` in this scope
[INFO] [stdout]   --> /opt/rustwide/cargo-home/registry/src/index.crates.io-6f17d22bba15001f/wasmcloud-test-util-0.7.0/src/lib.rs:17:25
[INFO] [stdout]    |
[INFO] [stdout] 17 |         fn default() -> TestOptions {
[INFO] [stdout]    |                         ^^^^^^^^^^^ not found in this scope
[INFO] [stdout] 
[INFO] [stdout] 
[INFO] [stdout] error[E0422]: cannot find struct, variant or union type `TestOptions` in this scope
[INFO] [stdout]   --> /opt/rustwide/cargo-home/registry/src/index.crates.io-6f17d22bba15001f/wasmcloud-test-util-0.7.0/src/lib.rs:18:13
[INFO] [stdout]    |
[INFO] [stdout] 18 |             TestOptions {
[INFO] [stdout]    |             ^^^^^^^^^^^ not found in this scope
[INFO] [stdout] 
[INFO] [stdout] 
[INFO] [stdout] error[E0412]: cannot find type `RpcResult` in this scope
[INFO] [stdout]   --> /opt/rustwide/cargo-home/registry/src/index.crates.io-6f17d22bba15001f/wasmcloud-test-util-0.7.0/src/lib.rs:28:51
[INFO] [stdout]    |
[INFO] [stdout] 28 |     pub type NamedResult<'name, T> = (&'name str, RpcResult<T>);
[INFO] [stdout]    |                                                   ^^^^^^^^^
[INFO] [stdout]   --> /rustc/9610dfe5a9a731ced1ea4923ecbd0c57fe367898/library/core/src/result.rs:502:1
[INFO] [stdout]    |
[INFO] [stdout]    = note: similarly named enum `Result` defined here
[INFO] [stdout]    |
[INFO] [stdout] help: an enum with a similar name exists
[INFO] [stdout]    |
[INFO] [stdout] 28 |     pub type NamedResult<'name, T> = (&'name str, Result<T>);
[INFO] [stdout]    |                                                   ~~~~~~
[INFO] [stdout] help: consider importing this type alias
[INFO] [stdout]    |
[INFO] [stdout] 13 +     use wasmbus_rpc::actor::prelude::RpcResult;
[INFO] [stdout]    |
[INFO] [stdout] 
[INFO] [stdout] 
[INFO] [stdout] error[E0412]: cannot find type `TestResult` in this scope
[INFO] [stdout]   --> /opt/rustwide/cargo-home/registry/src/index.crates.io-6f17d22bba15001f/wasmcloud-test-util-0.7.0/src/lib.rs:31:63
[INFO] [stdout]    |
[INFO] [stdout] 31 |     impl<'name, T: Serialize> From<NamedResult<'name, T>> for TestResult {
[INFO] [stdout]    |                                                               ^^^^^^^^^^ not found in this scope
[INFO] [stdout] 
[INFO] [stdout] 
[INFO] [stdout] error[E0405]: cannot find trait `Serialize` in this scope
[INFO] [stdout]   --> /opt/rustwide/cargo-home/registry/src/index.crates.io-6f17d22bba15001f/wasmcloud-test-util-0.7.0/src/lib.rs:31:20
[INFO] [stdout]    |
[INFO] [stdout] 31 |     impl<'name, T: Serialize> From<NamedResult<'name, T>> for TestResult {
[INFO] [stdout]    |                    ^^^^^^^^^ not found in this scope
[INFO] [stdout]    |
[INFO] [stdout] help: consider importing one of these items
[INFO] [stdout]    |
[INFO] [stdout] 13 +     use serde::Serialize;
[INFO] [stdout]    |
[INFO] [stdout] 13 +     use serde_bytes::Serialize;
[INFO] [stdout]    |
[INFO] [stdout] 
[INFO] [stdout] 
[INFO] [stdout] error[E0412]: cannot find type `TestResult` in this scope
[INFO] [stdout]   --> /opt/rustwide/cargo-home/registry/src/index.crates.io-6f17d22bba15001f/wasmcloud-test-util-0.7.0/src/lib.rs:32:56
[INFO] [stdout]    |
[INFO] [stdout] 32 |         fn from((name, res): NamedResult<'name, T>) -> TestResult {
[INFO] [stdout]    |                                                        ^^^^^^^^^^ not found in this scope
[INFO] [stdout] 
[INFO] [stdout] 
[INFO] [stdout] error[E0422]: cannot find struct, variant or union type `TestResult` in this scope
[INFO] [stdout]   --> /opt/rustwide/cargo-home/registry/src/index.crates.io-6f17d22bba15001f/wasmcloud-test-util-0.7.0/src/lib.rs:47:21
[INFO] [stdout]    |
[INFO] [stdout] 47 |                     TestResult {
[INFO] [stdout]    |                     ^^^^^^^^^^ not found in this scope
[INFO] [stdout] 
[INFO] [stdout] 
[INFO] [stdout] error[E0422]: cannot find struct, variant or union type `TestResult` in this scope
[INFO] [stdout]   --> /opt/rustwide/cargo-home/registry/src/index.crates.io-6f17d22bba15001f/wasmcloud-test-util-0.7.0/src/lib.rs:61:21
[INFO] [stdout]    |
[INFO] [stdout] 61 |                     TestResult {
[INFO] [stdout]    |                     ^^^^^^^^^^ not found in this scope
[INFO] [stdout] 
[INFO] [stdout] 
[INFO] [stdout] error: aborting due to 12 previous errors
[INFO] [stdout] 
[INFO] [stdout] 
[INFO] [stdout] Some errors have detailed explanations: E0405, E0412, E0422, E0432.
[INFO] [stdout] 
[INFO] [stdout] For more information about an error, try `rustc --explain E0405`.
[INFO] [stdout] 
[INFO] [stderr] error: could not compile `wasmcloud-test-util` (lib) due to 13 previous errors
[INFO] [stderr] warning: build failed, waiting for other jobs to finish...
[INFO] [stdout] Failure downloading: Download failed for /tmp/.tmphtkF0E/cdn.jsdelivr.net/wasmcloud-core.c781c4623fcaafd5.smithy: (verification: unverified):
[INFO] [stdout]   1: https://cdn.jsdelivr.net/gh/wasmcloud/interfaces/core/wasmcloud-core.smithy with status 400
[INFO] [stdout]   2: https://cdn.jsdelivr.net/gh/wasmcloud/interfaces/core/wasmcloud-core.smithy with status 400
[INFO] [stdout]   3: https://cdn.jsdelivr.net/gh/wasmcloud/interfaces/core/wasmcloud-core.smithy with status 400
[INFO] [stdout] 
[INFO] [stdout] Failure downloading: Download failed for /tmp/.tmphtkF0E/cdn.jsdelivr.net/wasmcloud-model.4c523bf5e1147b02.smithy: (verification: unverified):
[INFO] [stdout]   1: https://cdn.jsdelivr.net/gh/wasmcloud/interfaces/core/wasmcloud-model.smithy with status 400
[INFO] [stdout]   2: https://cdn.jsdelivr.net/gh/wasmcloud/interfaces/core/wasmcloud-model.smithy with status 400
[INFO] [stdout]   3: https://cdn.jsdelivr.net/gh/wasmcloud/interfaces/core/wasmcloud-model.smithy with status 400
[INFO] [stdout] 
[INFO] [stdout] Failure downloading: Download failed for /tmp/.tmphtkF0E/cdn.jsdelivr.net/httpserver.7e0386f597bbe0e6.smithy: (verification: unverified):
[INFO] [stdout]   1: https://cdn.jsdelivr.net/gh/wasmcloud/interfaces/httpserver/httpserver.smithy with status 400
[INFO] [stdout]   2: https://cdn.jsdelivr.net/gh/wasmcloud/interfaces/httpserver/httpserver.smithy with status 400
[INFO] [stdout]   3: https://cdn.jsdelivr.net/gh/wasmcloud/interfaces/httpserver/httpserver.smithy with status 400
[INFO] [stdout] 
[INFO] [stdout] error: cannot compile model sources: Quitting - 3 model files could not be downloaded and were not found in the cache. If you have previously built this project and are working "offline", try setting SMITHY_CACHE=NO_EXPIRE in the environment
[INFO] [stdout]   --> src/lib.rs:58:5
[INFO] [stdout]    |
[INFO] [stdout] 58 | /     smithy_bindgen::smithy_bindgen!(
[INFO] [stdout] 59 | |         "httpserver/httpserver.smithy",
[INFO] [stdout] 60 | |         "org.wasmcloud.interface.httpserver"
[INFO] [stdout] 61 | |     );
[INFO] [stdout]    | |_____^
[INFO] [stdout]    |
[INFO] [stdout]    = note: this error originates in the macro `smithy_bindgen::smithy_bindgen` (in Nightly builds, run with -Z macro-backtrace for more info)
[INFO] [stdout] 
[INFO] [stdout] 
[INFO] [stdout] error[E0432]: unresolved imports `wasmcloud_interface_httpserver::HttpRequest`, `wasmcloud_interface_httpserver::HttpResponse`
[INFO] [stdout]   --> src/lib.rs:50:38
[INFO] [stdout]    |
[INFO] [stdout] 50 | use wasmcloud_interface_httpserver::{HttpRequest, HttpResponse};
[INFO] [stdout]    |                                      ^^^^^^^^^^^  ^^^^^^^^^^^^ no `HttpResponse` in `wasmcloud_interface_httpserver`
[INFO] [stdout]    |                                      |
[INFO] [stdout]    |                                      no `HttpRequest` in `wasmcloud_interface_httpserver`
[INFO] [stdout] 
[INFO] [stdout] 
[INFO] [stdout] error[E0412]: cannot find type `HeaderMap` in module `wasmcloud_interface_httpserver`
[INFO] [stdout]    --> src/lib.rs:304:90
[INFO] [stdout]     |
[INFO] [stdout] 304 | fn convert_request_headers(headers: &http::HeaderMap) -> wasmcloud_interface_httpserver::HeaderMap {
[INFO] [stdout]     |                                                                                          ^^^^^^^^^ not found in `wasmcloud_interface_httpserver`
[INFO] [stdout]     |
[INFO] [stdout] help: consider importing this struct
[INFO] [stdout]     |
[INFO] [stdout] 35  + use http::HeaderMap;
[INFO] [stdout]     |
[INFO] [stdout] help: if you import `HeaderMap`, refer to it directly
[INFO] [stdout]     |
[INFO] [stdout] 304 - fn convert_request_headers(headers: &http::HeaderMap) -> wasmcloud_interface_httpserver::HeaderMap {
[INFO] [stdout] 304 + fn convert_request_headers(headers: &http::HeaderMap) -> HeaderMap {
[INFO] [stdout]     |
[INFO] [stdout] 
[INFO] [stdout] 
[INFO] [stdout] error[E0433]: failed to resolve: could not find `HeaderMap` in `wasmcloud_interface_httpserver`
[INFO] [stdout]    --> src/lib.rs:305:52
[INFO] [stdout]     |
[INFO] [stdout] 305 |     let mut hmap = wasmcloud_interface_httpserver::HeaderMap::new();
[INFO] [stdout]     |                                                    ^^^^^^^^^ could not find `HeaderMap` in `wasmcloud_interface_httpserver`
[INFO] [stdout]     |
[INFO] [stdout] help: consider importing this struct
[INFO] [stdout]     |
[INFO] [stdout] 35  + use http::HeaderMap;
[INFO] [stdout]     |
[INFO] [stdout] help: if you import `HeaderMap`, refer to it directly
[INFO] [stdout]     |
[INFO] [stdout] 305 -     let mut hmap = wasmcloud_interface_httpserver::HeaderMap::new();
[INFO] [stdout] 305 +     let mut hmap = HeaderMap::new();
[INFO] [stdout]     |
[INFO] [stdout] 
[INFO] [stdout] 
[INFO] [stdout] error[E0412]: cannot find type `HeaderMap` in module `wasmcloud_interface_httpserver`
[INFO] [stdout]    --> src/lib.rs:327:45
[INFO] [stdout]     |
[INFO] [stdout] 327 |     header: wasmcloud_interface_httpserver::HeaderMap,
[INFO] [stdout]     |                                             ^^^^^^^^^ not found in `wasmcloud_interface_httpserver`
[INFO] [stdout]     |
[INFO] [stdout] help: consider importing this struct
[INFO] [stdout]     |
[INFO] [stdout] 35  + use http::HeaderMap;
[INFO] [stdout]     |
[INFO] [stdout] help: if you import `HeaderMap`, refer to it directly
[INFO] [stdout]     |
[INFO] [stdout] 327 -     header: wasmcloud_interface_httpserver::HeaderMap,
[INFO] [stdout] 327 +     header: HeaderMap,
[INFO] [stdout]     |
[INFO] [stdout] 
[INFO] [stdout] 
[INFO] [stdout] error[E0618]: expected function, found `Arc<F>`
[INFO] [stdout]    --> src/lib.rs:148:34
[INFO] [stdout]     |
[INFO] [stdout] 147 |                         let call_actor_fn = call_actor_fn.clone();
[INFO] [stdout]     |                             ------------- `call_actor_fn` has type `Arc<F>`
[INFO] [stdout] 148 |                         Box::pin(call_actor_fn(lattice, ld, req, timeout))
[INFO] [stdout]     |                                  ^^^^^^^^^^^^^---------------------------
[INFO] [stdout]     |                                  |
[INFO] [stdout]     |                                  call expression requires function
[INFO] [stdout] 
[INFO] [stdout] 
[INFO] [stdout] warning: unused import: `Instrument`
[INFO] [stdout]   --> src/lib.rs:47:35
[INFO] [stdout]    |
[INFO] [stdout] 47 | use tracing::{error, info, trace, Instrument};
[INFO] [stdout]    |                                   ^^^^^^^^^^
[INFO] [stdout]    |
[INFO] [stdout]    = note: `#[warn(unused_imports)]` on by default
[INFO] [stdout] 
[INFO] [stdout] 
[INFO] [stdout] error: aborting due to 6 previous errors; 1 warning emitted
[INFO] [stdout] 
[INFO] [stdout] 
[INFO] [stdout] Some errors have detailed explanations: E0412, E0432, E0433, E0618.
[INFO] [stdout] 
[INFO] [stdout] For more information about an error, try `rustc --explain E0412`.
[INFO] [stdout] 
[INFO] [stderr] error: could not compile `wasmcloud-provider-httpserver` (lib) due to 7 previous errors; 1 warning emitted
[INFO] running `Command { std: "docker" "inspect" "ef27c27dd4d49e6f3bf14733e74fd2f8951041b7ed6f56bc5a6b8c1a0b40d475", kill_on_drop: false }`
[INFO] running `Command { std: "docker" "rm" "-f" "ef27c27dd4d49e6f3bf14733e74fd2f8951041b7ed6f56bc5a6b8c1a0b40d475", kill_on_drop: false }`
[INFO] [stdout] ef27c27dd4d49e6f3bf14733e74fd2f8951041b7ed6f56bc5a6b8c1a0b40d475
